{"id":6499,"date":"2017-02-10T17:29:26","date_gmt":"2017-02-10T16:29:26","guid":{"rendered":"http:\/\/www.energie-mareo.bim.name\/it\/?page_id=6499"},"modified":"2019-09-11T09:30:38","modified_gmt":"2019-09-11T07:30:38","slug":"storia","status":"publish","type":"page","link":"https:\/\/www.oesv.bz.it\/it\/storia\/","title":{"rendered":"Storia"},"content":{"rendered":"<div class=\"wpb-content-wrapper\">[mk_page_section bg_image=&#8221;https:\/\/www.oesv.bz.it\/wp-content\/uploads\/werk-nora.jpg&#8221; bg_position=&#8221;center center&#8221; bg_repeat=&#8221;no-repeat&#8221; bg_stretch=&#8221;true&#8221; enable_3d=&#8221;true&#8221; adaptive_height=&#8221;true&#8221; max_height=&#8221;500&#8243; min_height=&#8221;200&#8243; padding_top=&#8221;0&#8243; padding_bottom=&#8221;0&#8243; el_class=&#8221;big-image&#8221; sidebar=&#8221;sidebar-1&#8243;][vc_column][\/vc_column][\/mk_page_section][vc_row][vc_column][mk_fancy_title size=&#8221;40&#8243; force_font_size=&#8221;true&#8221; size_tablet=&#8221;35&#8243; size_phone=&#8221;30&#8243; font_weight=&#8221;400&#8243; txt_transform=&#8221;none&#8221; margin_bottom=&#8221;0&#8243; font_family=&#8221;none&#8221; align=&#8221;center&#8221;]Storia[\/mk_fancy_title][\/vc_column][\/vc_row][vc_row][vc_column width=&#8221;1\/2&#8243;][vc_column_text css=&#8221;.vc_custom_1534405955973{margin-bottom: 0px !important;}&#8221;]<strong>1923<\/strong> La societ\u00e0 fu fondata. Lo scopo dell&#8217;azienda era di fornire energia elettrica alla comunit\u00e0 del comune di Marebbe e delle comunit\u00e0 vicine. All&#8217;inizio si pensava a profitti. Le difficolt\u00e0 erano piuttosto grandi, ma poterono essere superate da un grande idealismo. La distribuzione di energia avveniva solo tramite linee aree in bassa tensione. Come primo impianto \u00e8 stata costruita la centrale di con quasi 30 CV.<\/p>\n<p><strong>1956<\/strong> la centrale di Cianei viene ampliata (potenza totale 63 kW).<\/p>\n<p><strong>1959<\/strong> la centrale di Cianei viene di nuovo ampliata<\/p>\n<p><strong>1964<\/strong> viene costruito il secondo impianto e cio\u00e8 Mantena con una potenza di 202 kW.<\/p>\n<p><strong>1966<\/strong> Ci furono massive inondazioni che danneggiarono prese d&#8217;acqua e condotte forzate. Le riparazioni furono fatto in tempi abbastanza brevi.<\/p>\n<p><strong>1971<\/strong> Viene fatto l\u2019ultimo ampliamento di Cianei e portata la centrale a 200 kW.<\/p>\n<p><strong>1972<\/strong> Viene costruita la centrale Nora (Potenza 165 kW).<\/p>\n<p><strong>1977<\/strong> Entra in funzione il pi\u00f9 grande impianto dell&#8217;azienda (Plan dal Ega). Genera elettricit\u00e0 come le altre tre centrali insieme.<\/p>\n<p><strong>1981<\/strong> Entra in funzione il parallelo con Enel, che d\u00e1 la possibilit\u00e1 di vendere l\u2019energia elettrica in eccesso. Prima questa veniva deviata nell\u2019acqua.[\/vc_column_text][\/vc_column][vc_column width=&#8221;1\/2&#8243;][vc_column_text css=&#8221;.vc_custom_1534405965637{margin-bottom: 0px !important;}&#8221;]<strong>1982<\/strong> L&#8217;edificio di Nora viene ampliato e si installa 1 generatore da 720 KVA. Questo veniva usato come riserva durante interruzioni di corrente o situazioni di crisi.<\/p>\n<p><strong>1986<\/strong> L&#8217;impianto di Mantena viene ristrutturato e la produzione \u00e8 aumentata considerevolmente.<\/p>\n<p><strong>1988<\/strong> La centrale Plan dal Ega viene ampliato e la potenza aumenta.<\/p>\n<p><strong>1989<\/strong> Il parallelo con ENEL, inizialmente creato solamente per le vendite di energia elettrica, viene abilitato all\u2019acquisizione di energia elettrica. Questo parallelo ha comportato molti vantaggi per l&#8217;azienda, poich\u00e9 \u00e8 possibile vendere l\u2019energia in eccesso e ritirare energia in mesi di poca produzione.<\/p>\n<p><strong>1991<\/strong> L&#8217;impianto di Cianei viene completamente ristrutturato e la parte inferiore della condotta forzata viene completamente sostituita.<\/p>\n<p><strong>1997<\/strong> Il generatore di Nora, diventato troppo debole, viene sostituito con 2 nuovi generatori (uno con 746 kW e uno con 831 kW).<\/p>\n<p><strong>2001<\/strong> L&#8217;impianto di Nora viene ristrutturato e la potenza portata a 345 kW.<\/p>\n<p><strong>2002<\/strong> L&#8217;impianto Mantena viene rifatto all&#8217;interno e la potenza portata a 500 kW.<\/p>\n<p><strong>2012<\/strong> La centrale Plan dal Ega viene rinnovata. La potenza \u00e8 ora di 899 kW.[\/vc_column_text][\/vc_column][\/vc_row][vc_row][vc_column][mk_padding_divider size=&#8221;100&#8243;][\/vc_column][\/vc_row][vc_row disable_element=&#8221;yes&#8221;][vc_column][mk_padding_divider size=&#8221;50&#8243;][mk_gallery images=&#8221;6314,6313&#8243; column=&#8221;2&#8243; image_size=&#8221;medium&#8221; order=&#8221;DESC&#8221;][mk_padding_divider size=&#8221;100&#8243;][\/vc_column][\/vc_row]\n<\/div>","protected":false},"excerpt":{"rendered":"<p>[mk_page_section bg_image=&#8221;https:\/\/www.oesv.bz.it\/wp-content\/uploads\/werk-nora.jpg&#8221; bg_position=&#8221;center center&#8221; bg_repeat=&#8221;no-repeat&#8221; bg_stretch=&#8221;true&#8221; enable_3d=&#8221;true&#8221; adaptive_height=&#8221;true&#8221; max_height=&#8221;500&#8243; min_height=&#8221;200&#8243; padding_top=&#8221;0&#8243; padding_bottom=&#8221;0&#8243; el_class=&#8221;big-image&#8221; sidebar=&#8221;sidebar-1&#8243;][vc_column][\/vc_column][\/mk_page_section][vc_row][vc_column][mk_fancy_title size=&#8221;40&#8243; force_font_size=&#8221;true&#8221; size_tablet=&#8221;35&#8243; size_phone=&#8221;30&#8243; font_weight=&#8221;400&#8243; txt_transform=&#8221;none&#8221; margin_bottom=&#8221;0&#8243; font_family=&#8221;none&#8221; align=&#8221;center&#8221;]Storia[\/mk_fancy_title][\/vc_column][\/vc_row][vc_row][vc_column width=&#8221;1\/2&#8243;][vc_column_text css=&#8221;.vc_custom_1534405955973{margin-bottom: 0px !important;}&#8221;]1923 La societ\u00e0 fu fondata. Lo scopo dell&#8217;azienda era di fornire energia elettrica alla comunit\u00e0 del comune di Marebbe e delle comunit\u00e0 vicine. All&#8217;inizio si pensava a profitti. Le [&hellip;]<\/p>\n","protected":false},"author":1,"featured_media":0,"parent":0,"menu_order":0,"comment_status":"closed","ping_status":"closed","template":"","meta":{"footnotes":""},"class_list":["post-6499","page","type-page","status-publish","hentry"],"_links":{"self":[{"href":"https:\/\/www.oesv.bz.it\/it\/wp-json\/wp\/v2\/pages\/6499","targetHints":{"allow":["GET"]}}],"collection":[{"href":"https:\/\/www.oesv.bz.it\/it\/wp-json\/wp\/v2\/pages"}],"about":[{"href":"https:\/\/www.oesv.bz.it\/it\/wp-json\/wp\/v2\/types\/page"}],"author":[{"embeddable":true,"href":"https:\/\/www.oesv.bz.it\/it\/wp-json\/wp\/v2\/users\/1"}],"replies":[{"embeddable":true,"href":"https:\/\/www.oesv.bz.it\/it\/wp-json\/wp\/v2\/comments?post=6499"}],"version-history":[{"count":5,"href":"https:\/\/www.oesv.bz.it\/it\/wp-json\/wp\/v2\/pages\/6499\/revisions"}],"predecessor-version":[{"id":6952,"href":"https:\/\/www.oesv.bz.it\/it\/wp-json\/wp\/v2\/pages\/6499\/revisions\/6952"}],"wp:attachment":[{"href":"https:\/\/www.oesv.bz.it\/it\/wp-json\/wp\/v2\/media?parent=6499"}],"curies":[{"name":"wp","href":"https:\/\/api.w.org\/{rel}","templated":true}]}}

<div class="wpb-content-wrapper">[mk_page_section bg_image=&#8221;https://www.oesv.bz.it/wp-content/uploads/werk-nora.jpg&#8221; bg_position=&#8221;center center&#8221; bg_repeat=&#8221;no-repeat&#8221; bg_stretch=&#8221;true&#8221; enable_3d=&#8221;true&#8221; adaptive_height=&#8221;true&#8221; max_height=&#8221;500&#8243; min_height=&#8221;200&#8243; padding_top=&#8221;0&#8243; padding_bottom=&#8221;0&#8243; el_class=&#8221;big-image&#8221; sidebar=&#8221;sidebar-1&#8243;][vc_column][/vc_column][/mk_page_section][vc_row][vc_column][mk_fancy_title size=&#8221;40&#8243; force_font_size=&#8221;true&#8221; size_tablet=&#8221;35&#8243; size_phone=&#8221;30&#8243; font_weight=&#8221;400&#8243; txt_transform=&#8221;none&#8221; margin_bottom=&#8221;0&#8243; font_family=&#8221;none&#8221; align=&#8221;center&#8221;]Storia[/mk_fancy_title][/vc_column][/vc_row][vc_row][vc_column width=&#8221;1/2&#8243;][vc_column_text css=&#8221;.vc_custom_1534405955973{margin-bottom: 0px !important;}&#8221;]<strong>1923</strong> La società fu fondata. Lo scopo dell&#8217;azienda era di fornire energia elettrica alla comunità del comune di Marebbe e delle comunità vicine. All&#8217;inizio si pensava a profitti. Le difficoltà erano piuttosto grandi, ma poterono essere superate da un grande idealismo. La distribuzione di energia avveniva solo tramite linee aree in bassa tensione. Come primo impianto è stata costruita la centrale di con quasi 30 CV.</p>
<p><strong>1956</strong> la centrale di Cianei viene ampliata (potenza totale 63 kW).</p>
<p><strong>1959</strong> la centrale di Cianei viene di nuovo ampliata</p>
<p><strong>1964</strong> viene costruito il secondo impianto e cioè Mantena con una potenza di 202 kW.</p>
<p><strong>1966</strong> Ci furono massive inondazioni che danneggiarono prese d&#8217;acqua e condotte forzate. Le riparazioni furono fatto in tempi abbastanza brevi.</p>
<p><strong>1971</strong> Viene fatto l’ultimo ampliamento di Cianei e portata la centrale a 200 kW.</p>
<p><strong>1972</strong> Viene costruita la centrale Nora (Potenza 165 kW).</p>
<p><strong>1977</strong> Entra in funzione il più grande impianto dell&#8217;azienda (Plan dal Ega). Genera elettricità come le altre tre centrali insieme.</p>
<p><strong>1981</strong> Entra in funzione il parallelo con Enel, che dá la possibilitá di vendere l’energia elettrica in eccesso. Prima questa veniva deviata nell’acqua.[/vc_column_text][/vc_column][vc_column width=&#8221;1/2&#8243;][vc_column_text css=&#8221;.vc_custom_1534405965637{margin-bottom: 0px !important;}&#8221;]<strong>1982</strong> L&#8217;edificio di Nora viene ampliato e si installa 1 generatore da 720 KVA. Questo veniva usato come riserva durante interruzioni di corrente o situazioni di crisi.</p>
<p><strong>1986</strong> L&#8217;impianto di Mantena viene ristrutturato e la produzione è aumentata considerevolmente.</p>
<p><strong>1988</strong> La centrale Plan dal Ega viene ampliato e la potenza aumenta.</p>
<p><strong>1989</strong> Il parallelo con ENEL, inizialmente creato solamente per le vendite di energia elettrica, viene abilitato all’acquisizione di energia elettrica. Questo parallelo ha comportato molti vantaggi per l&#8217;azienda, poiché è possibile vendere l’energia in eccesso e ritirare energia in mesi di poca produzione.</p>
<p><strong>1991</strong> L&#8217;impianto di Cianei viene completamente ristrutturato e la parte inferiore della condotta forzata viene completamente sostituita.</p>
<p><strong>1997</strong> Il generatore di Nora, diventato troppo debole, viene sostituito con 2 nuovi generatori (uno con 746 kW e uno con 831 kW).</p>
<p><strong>2001</strong> L&#8217;impianto di Nora viene ristrutturato e la potenza portata a 345 kW.</p>
<p><strong>2002</strong> L&#8217;impianto Mantena viene rifatto all&#8217;interno e la potenza portata a 500 kW.</p>
<p><strong>2012</strong> La centrale Plan dal Ega viene rinnovata. La potenza è ora di 899 kW.[/vc_column_text][/vc_column][/vc_row][vc_row][vc_column][mk_padding_divider size=&#8221;100&#8243;][/vc_column][/vc_row][vc_row disable_element=&#8221;yes&#8221;][vc_column][mk_padding_divider size=&#8221;50&#8243;][mk_gallery images=&#8221;6314,6313&#8243; column=&#8221;2&#8243; image_size=&#8221;medium&#8221; order=&#8221;DESC&#8221;][mk_padding_divider size=&#8221;100&#8243;][/vc_column][/vc_row]
</div>

<p>[mk_page_section bg_image=&#8221;https://www.oesv.bz.it/wp-content/uploads/werk-nora.jpg&#8221; bg_position=&#8221;center center&#8221; bg_repeat=&#8221;no-repeat&#8221; bg_stretch=&#8221;true&#8221; enable_3d=&#8221;true&#8221; adaptive_height=&#8221;true&#8221; max_height=&#8221;500&#8243; min_height=&#8221;200&#8243; padding_top=&#8221;0&#8243; padding_bottom=&#8221;0&#8243; el_class=&#8221;big-image&#8221; sidebar=&#8221;sidebar-1&#8243;][vc_column][/vc_column][/mk_page_section][vc_row][vc_column][mk_fancy_title size=&#8221;40&#8243; force_font_size=&#8221;true&#8221; size_tablet=&#8221;35&#8243; size_phone=&#8221;30&#8243; font_weight=&#8221;400&#8243; txt_transform=&#8221;none&#8221; margin_bottom=&#8221;0&#8243; font_family=&#8221;none&#8221; align=&#8221;center&#8221;]Storia[/mk_fancy_title][/vc_column][/vc_row][vc_row][vc_column width=&#8221;1/2&#8243;][vc_column_text css=&#8221;.vc_custom_1534405955973{margin-bottom: 0px !important;}&#8221;]1923 La società fu fondata. Lo scopo dell&#8217;azienda era di fornire energia elettrica alla comunità del comune di Marebbe e delle comunità vicine. All&#8217;inizio si pensava a profitti. Le [&hellip;]</p>
